{"id":268,"date":"2014-09-16T11:57:25","date_gmt":"2014-09-16T14:57:25","guid":{"rendered":"http:\/\/novo.sinproce.org.br\/?page_id=268"},"modified":"2020-10-26T13:28:55","modified_gmt":"2020-10-26T16:28:55","slug":"assistencia-previdenciaria","status":"publish","type":"page","link":"https:\/\/www.sinproce.org.br\/?page_id=268","title":{"rendered":"Assist\u00eancia Previdenci\u00e1ria"},"content":{"rendered":"<p>No \u00a0intuito \u00a0de celerizar \u00a0e dar mais seguran\u00e7a \u00a0ao nossos \u00a0Professores, \u00a0nas quest\u00f5es\u00a0previdenci\u00e1rias, o SINPRO\u00ad-CE firmou conv\u00eanio com o INSS, consoante publica\u00e7\u00e3o em Di\u00e1rio\u00a0Oficial da Uni\u00e3o \u2013 Se\u00e7\u00e3o 3 no dia 18 de Novembro de 2013 (vide c\u00f3pia da publica\u00e7\u00e3o).<\/p>\n<div>Em decorr\u00eancia deste ato, estamos habilitados a processar os requerimentos de benef\u00edcios,\u00a0preparando-\u00ados e instruindo-\u00ados de maneira eficaz, junto ao INSS.<\/div>\n<div>Nosso conv\u00eanio abrange os seguintes benef\u00edcios:<\/div>\n<div><\/div>\n<div>\n<div class=\"msgbox msgbox-info\" >\n<ul>\n<li>Aposentadoria Previdenci\u00e1ria<\/li>\n<li>Pens\u00e3o por Morte Previdenci\u00e1ria<\/li>\n<li>Aux\u00edlio Reclus\u00e3o<\/li>\n<li>Aux\u00edlio-\u00adDoen\u00e7a Previdenci\u00e1rio<\/li>\n<li>\u00adAux\u00edlio Doen\u00e7a Acident\u00e1rio<\/li>\n<li>Sal\u00e1rio Maternidade<\/li>\n<\/ul>\n<\/div>\n<\/div>\n","protected":false},"excerpt":{"rendered":"<p>No \u00a0intuito \u00a0de celerizar \u00a0e dar mais seguran\u00e7a \u00a0ao nossos \u00a0Professores, \u00a0nas quest\u00f5es\u00a0previdenci\u00e1rias, o SINPRO\u00ad-CE firmou conv\u00eanio com o INSS, consoante publica\u00e7\u00e3o em Di\u00e1rio\u00a0Oficial da Uni\u00e3o \u2013 Se\u00e7\u00e3o 3 no dia 18 de Novembro de 2013 (vide c\u00f3pia da publica\u00e7\u00e3o). Em decorr\u00eancia deste ato, estamos habilitados a processar os requerimentos de benef\u00edcios,\u00a0preparando-\u00ados e instruindo-\u00ados de&#8230;<\/p>\n","protected":false},"author":1,"featured_media":0,"parent":0,"menu_order":0,"comment_status":"closed","ping_status":"closed","template":"","meta":[],"_links":{"self":[{"href":"https:\/\/www.sinproce.org.br\/index.php?rest_route=\/wp\/v2\/pages\/268"}],"collection":[{"href":"https:\/\/www.sinproce.org.br\/index.php?rest_route=\/wp\/v2\/pages"}],"about":[{"href":"https:\/\/www.sinproce.org.br\/index.php?rest_route=\/wp\/v2\/types\/page"}],"author":[{"embeddable":true,"href":"https:\/\/www.sinproce.org.br\/index.php?rest_route=\/wp\/v2\/users\/1"}],"replies":[{"embeddable":true,"href":"https:\/\/www.sinproce.org.br\/index.php?rest_route=%2Fwp%2Fv2%2Fcomments&post=268"}],"version-history":[{"count":21,"href":"https:\/\/www.sinproce.org.br\/index.php?rest_route=\/wp\/v2\/pages\/268\/revisions"}],"predecessor-version":[{"id":722,"href":"https:\/\/www.sinproce.org.br\/index.php?rest_route=\/wp\/v2\/pages\/268\/revisions\/722"}],"wp:attachment":[{"href":"https:\/\/www.sinproce.org.br\/index.php?rest_route=%2Fwp%2Fv2%2Fmedia&parent=268"}],"curies":[{"name":"wp","href":"https:\/\/api.w.org\/{rel}","templated":true}]}}